+ 15*f + 5. Let a(d) = 15*d**2 + 100 + d - 100. Let i be a(-1). List the prime factors of g(i).
19
Let h(w) = -w**2 + 16*w. Let d be h(14). Let y = -27 + d. List the prime factors of -2*(y - 0) - -18.
2
Suppose -4*o - 4*v + 19 = -41, -15 = -4*o + 5*v. Let r = o - 6. Suppose 3*x = r*x - 28. What are the prime factors of x?
2, 7
Suppose -5*t = -20, -2*d = t - 9703 + 2195. What are the prime factors of d?
2, 7, 67
Let i = -361 + 926. What are the prime factors of i?
5, 113
Suppose 3*p + 13 = -4*s + 3, -s = 4*p + 9. Let g(j) = 0*j - 2*j**3 - j**3 - 3*j - 2. What are the prime factors of g(p)?
2, 7
Suppose 11*z - 9611 = 4*z. Suppose 10*v = z + 757. List the prime factors of v.
3, 71
Let u(d) = 2*d**2 + 3*d - 1. Let g be u(3). Let x = 32 + g. What are the prime factors of x?
2, 29
Suppose -2*q - 3*w - 81 = 0, q + 75 = -q - 5*w. List the prime factors of 10/(-6)*81/q.
3
Suppose -2*j + 3 - 5 = 0. Let r = 216 + -219. Let b = j - r. List the prime factors of b.
2
Let c = 4050 + -2245. List the prime factors of c.
5, 19
Suppose -4*f = 0, v - 4*f = -3*v + 16. Suppose -v*q + 78 = -3*q. List the prime factors of q.
2, 3, 13
Let s = -52 + -12. List the prime factors of (s + 4)*(-2 + 32/20).
2, 3
Let a(s) = -s**2 + 7*s + 22. Let n be a(9). List the prime factors of (-2)/4*(-138 - n).
71
Suppose 22 = -2*u + 84. Let c be 1/1 - u/(-1). What are the prime factors of 2*(-4)/(c/(-108))?
3
Suppose 21 = h + i, h = 4*h + 2*i - 64. Let y be (-6)/(-33) + 1580/h. Suppose p + y = 2*p. List the prime factors of p.
2, 3
Let j = 2 - 0. Suppose -2*k + 2*z = 6, -4*k + j*z = -5*k. What are the prime factors of (-36 - (-1 - -5))*k?
2, 5
Suppose -47020 = 432*i - 452*i. List the prime factors of i.
2351
Suppose -3*z + 2*z + 4 = 0. Suppose -2*d + 30 = 4*v, 30 + 34 = 4*d + z*v. What are the prime factors of d?
17
Suppose 0 = w - 4, 2*w - 4*w = 5*y - 2348. List the prime factors of y.
2, 3, 13
Let t(y) = 24*y**2 - 21*y - 3. List the prime factors of t(-6).
3, 7, 47
List the prime factors of (57 + (4 - 2))/(6/6).
59
Suppose 5*n + 3*r = -306, n = 2*r - 3*r - 60. Let g = n + 94. Suppose 2*i - 11 = g. What are the prime factors of i?
3, 7
Let n(q) = -7*q + 21. What are the prime factors of n(-8)?
7, 11
Suppose 18 = 5*r - 7. Let m be -45*(18/r)/(-6). Suppose -3*c + m + 14 = -2*l, 5*l = c - 31. List the prime factors of c.
11
Let u(h) = 5*h**2 + 8*h - 8*h. Let n be u(-1). Suppose 0 = z - 2*c - 14, 2*c - 46 = -n*z + 6*c. List the prime factors of z.
2, 3
Let v(o) be the first derivative of 1 + 1/3*o**3 - o**2 - 9*o. What are the prime factors of v(5)?
2, 3
List the prime factors of 4*(-13588)/(-28) - (-4)/(-28).
3, 647
Suppose 0 = -p + 4*p - 186. Suppose -2*o = w - 130, 0*w + w = o - p. Suppose q - 74 = 2*k, -5*q + k + o = -333. List the prime factors of q.
2, 5
Let f(k) = -3*k**3 + 5*k**2 - 4*k - 5. Suppose 0 = 3*z + 6 + 6. What are the prime factors of f(z)?
283
Suppose -2*z = y + 2 - 40, -2*z + 54 = 5*y. Let l be (z/2)/((-7)/(-28)). Suppose b = -8 + l. List the prime factors of b.
2, 13
Suppose m = x + 4*m - 3002, -6008 = -2*x - 5*m. What are the prime factors of x?
2, 11, 137
Let z(p) = p**3 + 6*p**2 - 8*p + 6. Suppose 0 = -3*t - 12 + 3. Let d = -10 - t. What are the prime factors of z(d)?
13
Let k be 2/3*471/(-2). Let b = -78 - k. Suppose -380 = -5*i - 5*p, i = -2*p - 3 + b. What are the prime factors of i?
2, 19
Let l(v) = v - 18. Let p(h) = 6*h - 92. Let w(a) = -16*l(a) + 3*p(a). List the prime factors of w(13).
2, 19
Suppose m - 2*n - 74 = 0, 2*m - 36 = -n + 122. Let t = m + 213. What are the prime factors of t?
3, 97
Suppose -8400 = -5*h - 5*w, -3*h + 4922 = -5*w - 142. List the prime factors of h.
3, 11, 17
What are the prime factors of 1036 + 2 + 0/2 - 3?
3, 5, 23
Let c = -603 - -2388. List the prime factors of c.
3, 5, 7, 17
Let z(t) = t**3 - 2*t + 1. Let o be z(-2). Let u = o - -1. What are the prime factors of (3/(-9))/(u/228)?
2, 19
Let j(h) = -6*h**3 - h - 10*h + 7*h**3 + 10*h**2. Let q be j(-11). Suppose 5*g + 0*n - n - 83 = 0, q = -g - 3*n + 7. List the prime factors of g.
2
Suppose -5*n - 2*c = 3*c - 60, 2*c = 3*n - 51. Let m = n + -12. Suppose -48 = -m*x - 3. List the prime factors of x.
3, 5
Let b(k) = 44*k + 1. List the prime factors of b(2).
89
Suppose -2*g = -3*g + 2*k + 5428, -4*g = -3*k - 21737. List the prime factors of g.
2, 2719
Suppose 0 = 4*x + 4 - 16. Suppose -2*s = x*s. Suppose 0 = 3*g + 5*j - 108, s = 2*j - 8 + 2. List the prime factors of g.
31
Let n(k) = 70*k + 288. What are the prime factors of n(26)?
2, 17, 31
Suppose -g + 0 = -10. What are the prime factors of 56 - ((-34)/g + (-6)/(-15))?
59
Let m(s) = 4*s**2 - 22*s - 112. What are the prime factors of m(21)?
2, 5, 7, 17
Suppose -v - 3 = -2*u, -4*u - v = 2*v - 11. Suppose 0 = -u*y - 2*y + 84. List the prime factors of 1/(-7) - (-654)/y.
31
Let h(z) be the third derivative of z**6/120 + 11*z**5/60 - 13*z**4/24 - 5*z**3/3 - z**2. Let x be h(-12). Let c = x + 3. List the prime factors of c.
5
Let l(j) = -38*j**3 + 7*j**2 - 10. List the prime factors of l(-3).
13, 83
Suppose 3*w = w - 104. Let n = 88 + w. List the prime factors of 5/(20/3)*n.
3
Let c(m) = -m + 19. Let u be 6/10 + 1016/40. Suppose -3*t + u = -f, 3 = -4*f + 7. List the prime factors of c(t).
2, 5
Let b(r) be the first derivative of r**3/3 - 11*r**2/2 + 15*r + 11. List the prime factors of b(10).
5
Suppose -18*v = 28623 - 86475. List the prime factors of v.
2, 1607
Let s(o) = 22*o**2 + 6. What are the prime factors of s(-2)?
2, 47
List the prime factors of (-1)/((-3 - -5)/4) - -55.
53
Let b be (-81)/(-36)*(-152)/(-3). Suppose -3*k + 291 = -b. Suppose -4*z = z - k. List the prime factors of z.
3
Suppose 3*q + 4*o + 189 = 0, 4*o = 4*q - 0*q + 224. Let p = 35 - q. List the prime factors of p.
2, 47
Suppose 940 = 2*u + 4*p, -2*p + 1898 = -62*u + 66*u. List the prime factors of u.
2, 7, 17
Let x = 328 + 237. List the prime factors of x.
5, 113
Let z = -2483 - -5167. List the prime factors of z.
2, 11, 61
Suppose -34*o - 12 = -36*o. List the prime factors of 98 - (0 - 2 - o/(-2)).
97
Suppose -11050 = 55*a - 320425. List the prime factors of a.
3, 5
Let a = -52 + 20. Let l be 98/(6 - (0 + 4)). Let b = l + a. What are the prime factors of b?
17
Let n(s) = s**2 - 9*s + 9. Suppose 6*h = 3*h + 36. What are the prime factors of n(h)?
3, 5
What are the prime factors of 1890/7 + 6/(-2)?
3, 89
Let b(v) = v**2 - 9*v - 3. Let q be b(6). Let k = 31 + q. Let w = k + 39. List the prime factors of w.
7
Suppose 54*y - 44*y - 3980 = 0. List the prime factors of y.
2, 199
Suppose 5*h - q - 924 = -5*q, -5*h + 5*q = -915. List the prime factors of h.
2, 23
Let j = -246 + 774. List the prime factors of j.
2, 3, 11
Let k = 0 + -6. What are the prime factors of 26 + -1 + k/(-2)?
2, 7
Suppose -n + 4*n - 9 = 0. Suppose 5*o = 4*l + 576, 232 + 124 = n*o - 5*l. List the prime factors of o.
2, 7
Let g = -84 + 88. Let p(d) = 22*d - 32. List the prime factors of p(g).
2, 7
Let o = -8 + 12. Suppose 8*j = o*j + 252. What are the prime factors of j?
3, 7
Let i(m) = 40*m + 325. What are the prime factors of i(28)?
5, 17
Let v(q) = q**3 - 7*q**2 + 14*q + 18. What are the prime factors of v(15)?
2, 3, 13
Let l be -1 + -1 + 4 + -2. Let k be 0/(-1) - 3 - 28/(-14). What are the prime factors of l + 6 - (2 - k)?
3
Suppose p + 11 = 4*j + 2, -18 = -3*p - 3*j. Suppose -3*n = -p*h + 174, -4*h + 18 = -n - 211. What are the prime factors of h?
3, 19
Suppose -165 = 3*u + 6. Let r = 35 - u. Suppose -b = -s + 37, -2*b + 6*b - r = -2*s. What are the prime factors of s?
2, 5
Suppose -5*c = 4*m - 4124, 4*c = c. What are the prime factors of m?
1031
Suppose 0 = j + j - 792. List the prime factors of j.
2, 3, 11
Let i(a) = -11*a**2 - 2*a + 10*a + a**3 + 7 - 5 + 11. Let x be i(10). List the prime factors of (x/1)/(8/(-8)).
7
Let v = 73 - 56. Suppose v*x - 15*x = 272. What are the prime factors of x?
2, 17
Let x(g) = 12*g**2 - 6*g + 12. What are the prime factors of x(-5)?
2, 3, 19
Let q = 14 + 32. Suppose -16 = -a + 2*j, -a - a - 3*j = -q. List the prime factors of a.
2, 5
Let c(d) = -78*d - 31. Let g be c(4). Let y = -161 - g. List the prime factors of y.
2, 7, 13
Let n be -2*2/8*0. Suppose x - 4*z - z = -15, 15 = -4*x + 5*z. Suppose n = -x*w + 3*w - 51. What are the prime factors of w?
17
Let r(q